ed by t?
1
Suppose 1107 + 318 = 15*j. What is the remainder when 2371 is divided by j?
91
Suppose -2*w - 5*u + 356 = 0, 0 = -5*w + 12*u - 10*u + 861. What is the remainder when w is divided by 60?
53
Suppose -4*r = 5*b - 244, 9*r = 11*r - 5*b - 92. What is the remainder when 3975 is divided by r?
55
Let m(g) = -197*g + 793. Calculate the remainder when 109 is divided by m(4).
4
Let l = 19003 + -18915. What is the remainder when 772 is divided by l?
68
Let r = -25679 - -25742. What is the remainder when 1832 is divided by r?
5
Let x(p) = p**3 - 5*p**2 - 12*p + 10. Suppose 14*v - 19 = 79. Suppose 6*i - i = 475. Calculate the remainder when i is divided by x(v).
23
Let i = -33465 - -35375. What is the remainder when i is divided by 948?
14
Let l(k) = k**2 + 4*k + 9. Suppose 0 = -115*f + 122*f - 182. Calculate the remainder when f is divided by l(-4).
8
Suppose m + 36*v - 79 = 40*v, m - v - 82 = 0. Let g be (5/(2 + -1))/1. Suppose -g*y + 117 - 12 = 0. What is the remainder when m is divided by y?
20
Suppose -5*c - 18 = -98. Suppose 4*r - 80 = 4*s, 22*r - 82 = 18*r + 5*s. Calculate the remainder when r is divided by c.
2
Let q(d) = -10*d - 14. Let l be q(-9). Let a = l - 71. Suppose 2*y = 2, b + 3*y - 40 = 2*y. Calculate the remainder when b is divided by a.
4
Let r(g) = -5*g**3 - 648*g**2 + 919*g + 299. Let z(w) = -7*w - 1. Calculate the remainder when r(-131) is divided by z(-1).
1
Suppose 5*w = 10, 2*o - 46 = -0*o - 4*w. Let t = 38 - o. What is the remainder when t is divided by (10/4)/(2/4)?
4
Suppose -13*k + 21 + 18 = -39. What is the remainder when 4691 is divided by k?
5
Suppose 0 = 2*u - u + 1. Let k(o) = -3*o + 6. Let d be k(u). Calculate the remainder when 118 is divided by 1/(-3) + 75/d.
6
Suppose 5*o = -3*j + 18707, -27*o + 5*j = -36*o + 33671. What is the remainder when o is divided by 129?
127
Let v = 53 + -45. Suppose 0 = -10*x + v*x + 256. Calculate the remainder when x is divided by 33.
29
Let z be (-6 + 1)*(-6 - 6/(-15)). Suppose 25*v + 9 = z*v. Suppose 3*o + 1 = -h + 5, v*h - 19 = -2*o. What is the remainder when 21 is divided by h?
0
Let s(r) = 22*r - 22. Suppose -2*g + 3*y + 61 = -16, 2*g + 4*y - 84 = 0. Suppose z - g = 24. Calculate the remainder when z is divided by s(2).
20
Suppose -4*l - 6*l = -3060. Suppose -c = -18*c + l. Calculate the remainder when 67 is divided by c.
13
Suppose -4*v + 136 = 13*v. Suppose -4*u - 2*o = -o - 17, -5*u - 2*o = -22. What is the remainder when -4 - 2*(-68)/v is divided by u?
1
Suppose -8 + 36 = y. Let j(g) = g**3 + 3*g**2 - 28*g + 5. Let z be j(-7). Calculate the remainder when 166 + z/(-10)*2 is divided by y.
25
Let j(c) = c + 5. Let v(z) = z + 2. Let b(t) = 3*j(t) - 5*v(t). Let y be b(-5). Calculate the remainder when 61 is divided by 5/2*132/y - 0.
17
Suppose -3*o - 3*f = -24, 0*f - 2*f = -10. Suppose 2*p = j + 33 + 57, 4*p + o*j = 160. What is the remainder when p is divided by 4?
3
Let y(s) = s**2 - 7*s + 9. Let l be y(6). Suppose -q + 2 = -2*t, 0 = -2*q + 2*t + 2. Suppose q*z = 3*z - l. What is the remainder when 3 is divided by z?
0
Let v = -5 + 7. Suppose -v*r = -4*r + 110. Calculate the remainder when r is divided by (93/9 - 4)*6/2.
17
Let z = 30 + -30. Suppose z*c = -2*c + 210. Suppose -13*g = -6*g - c. Calculate the remainder when 55 is divided by g.
10
What is the remainder when -9 + (-49917)/14*-2 - -7 is divided by 62?
61
Let l = 20774 - 20265. Calculate the remainder when l is divided by 329.
180
Suppose -b = 4*f - 3960, -3*f - 2*b + 2975 = -0*b. Suppose -f = -14*a - 205. What is the remainder when a is divided by 30?
26
Calculate the remainder when 590 is divided by 8*(2/2 + -7 + (6 - -2)).
14
Let b = 46 - -565. Let w = 814 - b. Calculate the remainder when w is divided by 41.
39
Let m(p) = -15*p**3 - 60*p**2 + 22*p - 7. Calculate the remainder when m(-7) is divided by 48.
28
Suppose 43*g - 127*g + 44352 = 0. Calculate the remainder when g is divided by 124.
32
Suppose -14*u - 3*u - 4794 = 0. What is the remainder when (u/(-4))/(147/98) is divided by 13?
8
Let f(v) = -6*v + 332. Calculate the remainder when 116 is divided by f(43).
42
Let p = -16 - -27. Suppose -5*w = -l + 49, -4*w + 23 = -3*l + 126. Calculate the remainder when l is divided by p.
7
Let x = -1707 + 1716. What is the remainder when 372 is divided by x?
3
Let g = 90 + -44. Let c(p) = p**2 + 8*p + 11. Let h be c(-7). Suppose -6*b + 38 = -h*b - u, 3*u - 39 = -3*b. Calculate the remainder when g is divided by b.
12
Let c = -16379 - -17140. What is the remainder when c is divided by 97?
82
Suppose 18*s = 16*s + 700. Let t = s - 240. Calculate the remainder when t is divided by 28.
26
Suppose -28 = -3*v + 5*d - d, -32 = -4*v + 4*d. Let b(j) = 6*j**2 + 21*j. Suppose -4*w + 44 = -15*w. What is the remainder when b(w) is divided by v?
0
Let n(j) = 44*j - 49. Let u be n(5). Let p = 290 - u. What is the remainder when p is divided by 30?
29
Let w(t) = t + 2. Let d be w(3). Suppose -3*q - 18 - d = -2*y, -3*y = 4*q - 43. Let l = 79 - 30. What is the remainder when l is divided by y?
10
Let o(q) = -44*q + 470. What is the remainder when 127 is divided by o(9)?
53
Calculate the remainder when 186 is divided by (-1)/6 + 0 - (-25)/(600/1396).
12
Let i(c) = -14*c - 8. Let r be i(-4). Let y = -40 + 56. Calculate the remainder when (-2)/(-3) + 3664/r is divided by y.
13
Let r = 26076 + -26053. Calculate the remainder when 119 is divided by r.
4
What is the remainder when 9635 is divided by (-125)/(-175) + (-3842)/(-119)?
32
Let u(h) = 2*h + 10. Let f be u(-4). Suppose 0 = 2*v - 5*g - 13, -5*v = -2*g - f*g - 41. Calculate the remainder when 2 is divided by (v - 7)*(-2)/(-4).
0
Let k(w) = w**2 + 8*w + 2. Let d be k(-8). Let t be (-46)/(-4) + 3 - d/4. Suppose -36 = t*a - 17*a. Calculate the remainder when 46 is divided by a.
10
Suppose -7*v + 13*v = 0. Let y be -283*1 + (-1 - v). Let k = y + 435. What is the remainder when k is divided by 17?
15
Let b(z) = -33*z - 30. Let i be b(-2). Let j = 50 - i. Calculate the remainder when 25 is divided by j.
11
Let h be ((-2)/4)/((-1)/10). Suppose -2*w = -3*o + 7, 2*o + h*w + 6 = 9*w. Calculate the remainder when o is divided by (16/5)/8*10*(-1)/(-4).
0
Suppose -n + 235 + 247 = 4*z, -596 = -5*z + 2*n. Suppose z = b + 7*b. Suppose 8*v - 3*v = b. What is the remainder when 5 is divided by v?
2
Suppose -f + 4*l = 9, 2*f + 10*l - 15*l + 9 = 0. Let r(d) = 13*d - 31. Calculate the remainder when 28 is divided by r(f).
4
Let o(i) = i**3 - 7*i**2 - 7*i + 17. Let s = 21 - 13. Let d(z) = 6*z**2 - 4*z + 7. Calculate the remainder when d(3) is divided by o(s).
24
Let y(l) = 2*l - 6. Let z be y(-3). Let d(i) = -i**3 - 11*i**2 + 10*i - 17. Calculate the remainder when d(z) is divided by (-2)/(-4) + 99/22.
2
Let n(k) = k**2 - 26*k + 172. Let v be n(13). Calculate the remainder when 126 is divided by v/6*-5*-2 + 5.
6
Let o(a) = -61*a + 351. What is the remainder when o(5) is divided by 19?
8
Suppose -32*a + 1268 + 332 = 0. Calculate the remainder when 330 is divided by a.
30
Suppose -4508 = -4*p + 4*a, 33*a = -p + 37*a + 1109. Calculate the remainder when p is divided by 81.
80
Suppose h - 203 = -4*x - 56, -4*x = -2*h + 306. What is the remainder when h is divided by 126?
25
Let v be (1690/40 + 7)/(2/168). Calculate the remainder when 107 is divided by (-2)/19 - (v/(-133) - -5).
3
Let s be 29032/57 - 2*1/(-3). Suppose -20*l + 18*l + s = 0. Suppose -2*u + 7*u - l = 0. Calculate the remainder when u is divided by 18.
15
Suppose -3*k + f + 12289 = 0, 5*f = 21*k - 22*k + 4075. Calculate the remainder when k is divided by 1365.
0
Suppose -2*b + 45*b = -19*b - 1240. Let t = 53 + -24. Let i = t + b. What is the remainder when 20 is divided by i?
2
Suppose 10*i + 12 = 262. Suppose 0 = 3*a - 5*f - 95, -11*f + i = -6*f. What is the remainder when 127 is divided by a?
7
Let o = -644 - -808. Suppose 0 = 3*a - 5*h - 111, 0*a - 2*h + 90 = 2*a. What is the remainder when o is divided by a?
38
Suppose -3 = -j, -6*x + 7*x - 4*j = 7. Calculate the remainder when -2*(-4 + -31) - 1*-3 is divided by x.
16
Suppose -10*x + 12*x + 31*x - 891 = 0. What is the remainder when 59 is divided by x?
5
Suppose 3*i = -5*r + 129, -4*r = 5*i + 43 - 154. Let u = 24 - r. What is the remainder when 33*4/(-24)*-2 + u is divided by 7?
4
Suppose